
True
Does 7 divide 362861978?
False
Is 150274686 a multiple of 457?
False
Is 47475489 a multiple of 1028?
False
Is 1200 a factor of 12622800?
True
Is 83596113 a multiple of 113?
False
Is 1724692788 a multiple of 273?
True
Is 140 a factor of 11186430?
False
Is 75 a factor of 45670705?
False
Does 128 divide 23345920?
True
Is 103423022 a multiple of 38?
False
Does 658 divide 51377575?
False
Is 159 a factor of 4777950?
True
Is 1347 a factor of 401598265?
False
Is 224 a factor of 134770272?
True
Is 28 a factor of 1143963296?
True
Does 51 divide 16591218?
True
Does 3934 divide 92252300?
True
Does 80 divide 333124392?
False
Is 29 a factor of 281735667?
True
Is 1470 a factor of 1189283767?
False
Does 27 divide 330209325?
True
Is 213139693 a multiple of 221?
True
Does 42 divide 297964016?
False
Is 98916996 a multiple of 948?
False
Does 1239 divide 268686973?
False
Is 27 a factor of 335644290?
True
Is 11362 a factor of 7453540172?
True
Is 14985810 a multiple of 6167?
True
Does 1009 divide 114475086?
True
Is 62 a factor of 4837922?
True
Is 1413686 a multiple of 9?
False
Does 15 divide 50972760?
True
Is 200501556 a multiple of 68?
False
Does 915 divide 27863580?
True
Does 151 divide 3816460976?
True
Is 134816850 a multiple of 30?
True
Is 202 a factor of 6055578138?
False
Is 359743886 a multiple of 5?
False
Is 75655906 a multiple of 31?
False
Is 3545455026 a multiple of 51?
True
Is 19 a factor of 250285936?
True
Does 150 divide 554406900?
True
Is 398996032 a multiple of 15?
False
Does 171 divide 35657091?
True
Is 31136184 a multiple of 12?
True
Is 1645691 a multiple of 3?
False
Is 6772 a factor of 375368047?
False
Is 6 a factor of 682919?
False
Is 2456392 a multiple of 4?
True
Does 735 divide 318652635?
True
Does 42 divide 508564137?
False
Is 396 a factor of 329939782?
False
Is 2861 a factor of 872378981?
True
Does 4 divide 424312?
True
Is 611 a factor of 228167066?
False
Is 3227098631 a multiple of 23?
False
Is 55018040 a multiple of 70?
True
Is 4423 a factor of 144433065?
True
Is 44 a factor of 5298988684?
True
Is 88863048 a multiple of 444?
True
Is 652769208 a multiple of 819?
True
Does 16 divide 300835760?
True
Is 110580722 a multiple of 266?
True
Does 134 divide 121466227?
False
Does 139 divide 1011670326?
False
Is 40 a factor of 18899744?
False
Is 3826 a factor of 114160188?
True
Is 70789845 a multiple of 1317?
False
Is 141792045 a multiple of 177?
True
Does 7 divide 586157689?
False
Is 24 a factor of 17229013?
False
Is 337270 a multiple of 11?
False
Is 59317078 a multiple of 152?
False
Is 1033184311 a multiple of 2964?
False
Does 43 divide 33423212?
True
Does 8 divide 25202089?
False
Is 671783563 a multiple of 18?
False
Is 11 a factor of 5452509301?
False
Does 2507 divide 17915022?
True
Is 96153728 a multiple of 94?
True
Does 18 divide 68374321?
False
Is 840917051 a multiple of 59?
False
Is 127465999 a multiple of 38?
False
Is 328643717 a multiple of 223?
False
Is 11 a factor of 154582747?
True
Is 1546375823 a multiple of 846?
False
Is 1307834353 a multiple of 19?
True
Is 69 a factor of 250066764?
True
Does 40 divide 3309668?
False
Does 1482 divide 161578014?
True
Is 118533565 a multiple of 2283?
False
Is 1304 a factor of 178955468?
False
Does 5158 divide 115147192?
True
Is 496878093 a multiple of 421?
True
Is 4038434 a multiple of 5?
False
Is 27268262 a multiple of 13?
False
Is 571 a factor of 1281859912?
False
Is 15 a factor of 150237795?
True
Is 742 a factor of 187883538?
False
Is 122 a factor of 53803995?
False
Is 26 a factor of 635414442?
True
Is 7 a factor of 15683762?
False
Is 42 a factor of 34309417?
False
Is 296 a factor of 1695643541?
False
Is 307 a factor of 32329027?
False
Does 39 divide 1641120?
True
Does 149 divide 1114632197?
True
Does 345 divide 249398909?
False
Is 13640603 a multiple of 3?
False
Does 20 divide 81521752?
False
Is 1113 a factor of 284518268?
False
Does 603 divide 349294361?
False
Is 1713632 a multiple of 145?
False
Does 349 divide 28839964?
True
Is 25 a factor of 32479850?
True
Is 71879472 a multiple of 2004?
True
Is 38 a factor of 420204?
True
Is 13366449 a multiple of 87?
False
Is 116 a factor of 116893615?
False
Is 11 a factor of 4440821?
True
Is 31 a factor of 179520194?
True
Is 58 a factor of 73146296?
False
Is 1190762979 a multiple of 31?
True
Is 171495649 even?
False
Is 24 a factor of 33042984?
True
Is 236593220 a multiple of 3?
False
Is 49971530 a multiple of 251?
False
Is 149 a factor of 421408505?
True
Does 51 divide 19803759?
True
Does 1369 divide 275354736?
False
Is 450201668 a multiple of 932?
True
Does 10 divide 187142959?
False
Is 324 a factor of 17347932?
True
Does 79 divide 197765993?
True
Is 9422775 a multiple of 75?
True
Is 1782 a factor of 66557700?
True
Is 8293 a factor of 356010598?
False
Is 121972400 a multiple of 836?
True
Does 3651 divide 1165399200?
True
Does 6 divide 42313708?
False
Does 53 divide 74049427?
True
Is 2548249228 a multiple of 26?
False
Is 491548219 a multiple of 123?
False
Is 131 a factor of 52054422?
True
Does 10 divide 16723909?
False
Is 222887785 a multiple of 838?
False
Does 212 divide 112415029?
False
Is 4 a factor of 295287493?
False
Is 132839712 a multiple of 279?
True
Does 86 divide 877372?
True
Does 56 divide 725607960?
True
Is 202 a factor of 14486869?
False
Is 64 a factor of 40463658?
False
Does 2711 divide 472413438?
True
Is 43748006 a multiple of 62?
True
Does 1444 divide 28981080?
True
Is 34 a factor of 74049824?
True
Is 921924367 a multiple of 5?
False
Is 51744000 a multiple of 42?
True
Is 2670234 a multiple of 14?
True
Is 25 a factor of 300314900?
True
Is 121 a factor of 1779668?
True
Is 108529568 a multiple of 12?
False
Does 108 divide 98342640?
True
Is 823 a factor of 238326809?
True
Is 1574407275 a multiple of 4222?
False
Is 1670 a factor of 81551110?
True
Is 447039180 a multiple of 140?
True
Is 136 a factor of 7953280?
True
Is 115 a factor of 248758455?
True
Is 13831297 a multiple of 328?
False
Does 1430 divide 30959500?
True
Does 11 divide 228060329?
False
Does 827 divide 23706782?
True
Does 18 divide 5707661508?
True
Is 18659640 a multiple of 120?
True
Is 806 a factor of 3808444348?
False
Does 7 divide 987821562?
True
Is 13 a factor of 15242123?
True
Is 433576625 a multiple of 71?
False
Does 30 divide 416328090?
True
Does 183 divide 36057838?
False
Is 1653897840 a multiple of 332?
True
Does 14 divide 25542440?
True
Is 1825 a factor of 2834861925?
True
Is 466 a factor of 405311713?
False
Is 21473097 a multiple of 11?
False
Is 31 a factor of 25287785?
True
Is 2 a factor of 3351710?
True
Does 1006 divide 1245714710?
True
Is 570926913 a multiple of 14?
False
Is 266 a factor of 610174247?
False
Is 21 a factor of 2556065757?
True
Is 3365535 a multiple of 267?
True
Is 423 a factor of 12540258?
True
Is 685267352 a multiple of 292?
True
Does 1333 divide 9688244?
True
Is 360 a factor of 1206046440?
True
Is 202744457 a multiple of 1481?
True
Is 932 a factor of 1143700878?
False
Does 11 divide 76114183?
False
Is 41 a factor of 643695449?
True
Does 123 divide 37351902?
True
Does 29 divide 76346763?
True
Does 13 divide 184752022?
True
Does 11 divide 264204048?
False
Is 6 a factor of 828002094?
True
Does 7 divide 10929751?
True
Is 3508 a factor of 2529108839?
False
Does 1694 divide 266894782?
True
Is 1343 a factor of 20288701?
True
Does 18 divide 2538965437?
False
Is 217 a factor of 30483075?
True
Is 11 a factor of 1598879018?
True
Does 8 divide 282383016?
True
Does 1676 divide 299560147?
False
Is 83 a factor of 115931661?
True
Does 28 divide 122377366?
False
Is 15 a factor of 36389780?
False
Does 11 divide 12753752?
True
Does 22 divide 45714449?
False
Is 11 a factor of 8789772?
False
Is 4964 a factor of 808789484?
True
Does 158 divide 151648669?
False
Is 174 a factor of 53813586?
False
Is 140 a factor of 526536014?
False
Is 1186307775 a multiple of 405?
True
Is 285453970 a multiple of 32?
False
Does 9 divide 89438748?
False
Is 1300623 a multiple of 9?
False
Is 88 a factor of 220229856?
True
Does 813 divide 105207039?
False
Is 526 a factor of 6872838?
False
Is 205 a factor of 296935940?
True
Is 2009985713 a multiple of 757?
False
Is 37 a factor of 10827880?
False
Is 43660760 a multiple of 2860?
True
Is 6272 a factor of 228576768?
True
Is 35475237 a multiple of 1129